{"id":422,"date":"2013-09-06T23:27:27","date_gmt":"2013-09-06T21:27:27","guid":{"rendered":"http:\/\/www.sddolomiti.si\/?page_id=422"},"modified":"2014-04-15T06:23:43","modified_gmt":"2014-04-15T04:23:43","slug":"dogodki","status":"publish","type":"page","link":"https:\/\/www.sddolomiti.si\/?page_id=422","title":{"rendered":"Dogodki"},"content":{"rendered":"<span itemprop=\"description\"><p>Za mlaj\u0161e generacije organiziramo vadbo smu\u010darskih skokov. Poleg tega na ve\u010d okoli\u0161kih osnovnih \u0161olah vodimo programe \u0161portne vadbe.<\/p>\n<p>Pri svojem delu pa ne pozabljamo tudi na starej\u0161e. Vsako leto organiziramo ve\u010d rekreativnih dogodkov \u0161ir\u0161ega pomena: tekmo v smu\u010darskih skokih za vse generacije, vadbo smu\u010darskega teka, rekreativni tek po \u0160entvi\u0161kem hribu, rekreativno rolanje, nordijska hoja, ipd.<\/p>\n<p>&nbsp;<\/p>\n<p align=\"LEFT\"><em>Ve\u010d branja o tem:<\/em><\/p>\n<p align=\"LEFT\"><a title=\"Treningi\" href=\"http:\/\/www.sddolomiti.si\/?page_id=143\">Treningi<\/a>\u00a0\u00a0 \u00a0<a title=\"Priprave\" href=\"http:\/\/www.sddolomiti.si\/?page_id=435\">Priprave<\/a>\u00a0\u00a0\u00a0<a title=\"Tekmovanja\" href=\"http:\/\/www.sddolomiti.si\/?page_id=437\">Tekmovanja<\/a>\u00a0\u00a0\u00a0<a title=\"Prireditve\" href=\"?page_id=439\">Prireditve<\/a>\u00a0\u00a0\u00a0<a title=\"Telovadba za otroke\" href=\"?page_id=499\">Telovadba za otroke<\/a><\/p>\n<span>","protected":false},"excerpt":{"rendered":"<p class=\"excerpt\"><span itemprop=\"description\">Za mlaj\u0161e generacije organiziramo vadbo smu\u010darskih skokov. Poleg tega na ve\u010d okoli\u0161kih osnovnih \u0161olah vodimo programe \u0161portne vadbe. Pri svojem delu pa ne pozabljamo tudi na starej\u0161e. Vsako leto organiziramo ve\u010d rekreativnih dogodkov \u0161ir\u0161ega pomena: tekmo v smu\u010darskih skokih za vse generacije, vadbo smu\u010darskega teka, rekreativni tek po \u0160entvi\u0161kem hribu,&hellip;<\/span><\/p>\n<p class=\"more-link-p btn-align-center\"><a class=\"green zoom-btn\" href=\"https:\/\/www.sddolomiti.si\/?page_id=422\">Preberi<\/a><\/p>\n","protected":false},"author":2,"featured_media":0,"parent":0,"menu_order":4,"comment_status":"closed","ping_status":"closed","template":"","meta":{"_crdt_document":"","footnotes":""},"class_list":["post-422","page","type-page","status-publish","hentry"],"_links":{"self":[{"href":"https:\/\/www.sddolomiti.si\/index.php?rest_route=\/wp\/v2\/pages\/422","targetHints":{"allow":["GET"]}}],"collection":[{"href":"https:\/\/www.sddolomiti.si\/index.php?rest_route=\/wp\/v2\/pages"}],"about":[{"href":"https:\/\/www.sddolomiti.si\/index.php?rest_route=\/wp\/v2\/types\/page"}],"author":[{"embeddable":true,"href":"https:\/\/www.sddolomiti.si\/index.php?rest_route=\/wp\/v2\/users\/2"}],"replies":[{"embeddable":true,"href":"https:\/\/www.sddolomiti.si\/index.php?rest_route=%2Fwp%2Fv2%2Fcomments&post=422"}],"version-history":[{"count":0,"href":"https:\/\/www.sddolomiti.si\/index.php?rest_route=\/wp\/v2\/pages\/422\/revisions"}],"wp:attachment":[{"href":"https:\/\/www.sddolomiti.si\/index.php?rest_route=%2Fwp%2Fv2%2Fmedia&parent=422"}],"curies":[{"name":"wp","href":"https:\/\/api.w.org\/{rel}","templated":true}]}}