{"id":464,"date":"2013-09-07T00:02:18","date_gmt":"2013-09-06T22:02:18","guid":{"rendered":"http:\/\/www.sddolomiti.si\/?page_id=464"},"modified":"2019-10-22T17:18:16","modified_gmt":"2019-10-22T15:18:16","slug":"dekleta","status":"publish","type":"page","link":"https:\/\/www.sddolomiti.si\/?page_id=464","title":{"rendered":"Dekleta"},"content":{"rendered":"<span itemprop=\"description\"><p>Dekleta v smu\u010darskih skokih niso ve\u010d novost. Slovenska dekleta so zelo uspe\u0161na tudi v mednarodnem okviru.<\/p>\n<p>V na\u0161e dru\u0161tvo se vklju\u010duje vse ve\u010d deklet, ki enakovredno opravljajo treninge, priprave in so na tekmovanjih uspe\u0161na.<span style=\"font-size: 14px; word-spacing: normal;\">\u00a0 Deklice in dekleta so vklju\u010dena v skupine skupaj s fanti ter v\u010dasih po rezultatih v svojih skupinah tudi presegajo dose\u017eke fantov.<\/span><\/p>\n<p><!--more--><\/p>\n<figure id=\"attachment_615\" aria-describedby=\"caption-attachment-615\" style=\"width: 800px\" class=\"wp-caption aligncenter\"><a href=\"http:\/\/www.sddolomiti.si\/?attachment_id=615\" rel=\"attachment wp-att-615\"><img fetchpriority=\"high\" decoding=\"async\" class=\"wp-image-615 size-medium\" title=\"dekleta\" src=\"http:\/\/www.sddolomiti.si\/wp-content\/uploads\/dekleta-800x600.jpg\" alt=\"\" width=\"800\" height=\"600\" srcset=\"https:\/\/www.sddolomiti.si\/wp-content\/uploads\/dekleta-800x600.jpg 800w, https:\/\/www.sddolomiti.si\/wp-content\/uploads\/dekleta-1024x768.jpg 1024w, https:\/\/www.sddolomiti.si\/wp-content\/uploads\/dekleta.jpg 1200w\" sizes=\"(max-width: 800px) 100vw, 800px\" \/><\/a><figcaption id=\"caption-attachment-615\" class=\"wp-caption-text\">Kategorija deklic na tekmi regijskega pokala<\/figcaption><\/figure>\n<p><!--more--><\/p>\n<p align=\"LEFT\"><strong><em>Ve\u010d branja o tem:<\/em><\/strong><\/p>\n<p align=\"LEFT\"><a title=\"Treningi\" href=\"http:\/\/www.sddolomiti.si\/?page_id=143\">Treningi<\/a>\u00a0\u00a0\u00a0 <a title=\"Priprave\" href=\"http:\/\/www.sddolomiti.si\/?page_id=435\">Priprave<\/a>\u00a0\u00a0 <a title=\"Tekmovanja\" href=\"http:\/\/www.sddolomiti.si\/?page_id=437\">Tekmovanja<\/a>\u00a0\u00a0 <a title=\"Trenerji\" href=\"?page_id=459\">Trenerji<\/a><\/p>\n<span>","protected":false},"excerpt":{"rendered":"<p class=\"excerpt\"><span itemprop=\"description\">Dekleta v smu\u010darskih skokih niso ve\u010d novost. Slovenska dekleta so zelo uspe\u0161na tudi v mednarodnem okviru. V na\u0161e dru\u0161tvo se vklju\u010duje vse ve\u010d deklet, ki enakovredno opravljajo treninge, priprave in so na tekmovanjih uspe\u0161na.\u00a0 Deklice in dekleta so vklju\u010dena v skupine skupaj s fanti ter v\u010dasih po rezultatih v svojih&hellip;<\/span><\/p>\n<p class=\"more-link-p btn-align-center\"><a class=\"green zoom-btn\" href=\"https:\/\/www.sddolomiti.si\/?page_id=464\">Preberi<\/a><\/p>\n","protected":false},"author":2,"featured_media":0,"parent":178,"menu_order":3,"comment_status":"closed","ping_status":"closed","template":"","meta":{"_crdt_document":"","footnotes":""},"class_list":["post-464","page","type-page","status-publish","hentry"],"_links":{"self":[{"href":"https:\/\/www.sddolomiti.si\/index.php?rest_route=\/wp\/v2\/pages\/464","targetHints":{"allow":["GET"]}}],"collection":[{"href":"https:\/\/www.sddolomiti.si\/index.php?rest_route=\/wp\/v2\/pages"}],"about":[{"href":"https:\/\/www.sddolomiti.si\/index.php?rest_route=\/wp\/v2\/types\/page"}],"author":[{"embeddable":true,"href":"https:\/\/www.sddolomiti.si\/index.php?rest_route=\/wp\/v2\/users\/2"}],"replies":[{"embeddable":true,"href":"https:\/\/www.sddolomiti.si\/index.php?rest_route=%2Fwp%2Fv2%2Fcomments&post=464"}],"version-history":[{"count":0,"href":"https:\/\/www.sddolomiti.si\/index.php?rest_route=\/wp\/v2\/pages\/464\/revisions"}],"up":[{"embeddable":true,"href":"https:\/\/www.sddolomiti.si\/index.php?rest_route=\/wp\/v2\/pages\/178"}],"wp:attachment":[{"href":"https:\/\/www.sddolomiti.si\/index.php?rest_route=%2Fwp%2Fv2%2Fmedia&parent=464"}],"curies":[{"name":"wp","href":"https:\/\/api.w.org\/{rel}","templated":true}]}}